 Let f be 3/o + (-15)/(-4). Let g(m) = 5*m - 2 + f*m**3 - 2*m - 5*m**3. What is g(2)?
-4
Let o(z) = 0*z**2 + 0 + z**3 - z - z**2 + 5 - 8. Suppose 6*d + 2*i + 13 = d, -2*i - 4 = 2*d. Let q = -3 - d. Give o(q).
-3
Suppose 2*o - 11 = -3. Let q(d) = 1. Let b(i) = i - 10. Let f(z) = b(z) + 6*q(z). Give f(o).
0
Let m(q) = q. Let a(i) = -i + 1. Let d(n) = -2*a(n) + 2*m(n). Determine d(2).
6
Let m(p) = 4*p + 1. Let k(i) = -4*i**2 - 9*i + 3. Let v be k(-3). Give m(v).
-23
Let u be 12/10*(-5)/(-1). Suppose 3*n = 6*n - u. Let d(g) = -2*g - 1 + 3*g - n - g**3. What is d(0)?
-3
Let s(q) = -q**2 + 5*q - 1. Suppose -3*y - 2*y = 3*i - 30, -5*i + 4*y + 13 = 0. Calculate s(i).
-1
Let i(h) = -7*h**3 + h. Let y be i(-1). Let d(l) = l - 2*l - y*l**3 - 3*l**2 + 3*l**3 - 3 + 2*l**3. Give d(-3).
0
Let f(z) = 2*z + 5. Suppose -3 = -3*o - 21. Determine f(o).
-7
Suppose 2*u = -4*u. Suppose -2*p - 1 + 9 = u. Let k(i) = i**3 - 3*i**2 - 6*i + 2. Give k(p).
-6
Let d(m) = 6*m - 21. Let j(s) = -3*s + 11. Let i(z) = 3*d(z) + 5*j(z). Let u = 2 - 3. Let x(o) = -o. Let v(b) = u*i(b) - 4*x(b). Give v(0).
8
Let p(o) = 0 - 5 - 2*o + 0. What is p(5)?
-15
Let q(l) = l + 1. Suppose 0 = -t + h + 3, -31 = -5*t + 2*h - 4. Let r be (4/(-12))/(3/27). Let f = r + t. Determine q(f).
5
Let q(g) = -g - 6. Let f(j) = -2*j - 12. Let d(i) = -2*f(i) + 5*q(i). What is d(-5)?
-1
Let m(x) = x - 3. Let z(l) = -l. Let t(r) = m(r) + 2*z(r). Calculate t(-4).
1
Let k(z) = -4 - z + 0*z - 4*z + 4*z. Let m be k(-3). Let y(v) = 10*v + 1. What is y(m)?
-9
Let m(r) = r**3 + 6*r**2 + 4*r - 2. Let q(d) = -3*d**3 + 2 + d**2 + 2*d**3 + 2. Let v be q(0). Suppose v*s + 5*g + 6 = -4, 0 = -2*s - 3*g - 4. What is m(s)?
3
Let w(h) = 3 + 9*h**2 - 2 - 3 - 2*h - 8*h**2. Calculate w(6).
22
Let k(n) = -n - 10. Suppose -28 = 8*w - 4*w. Calculate k(w).
-3
Suppose 0 = -3*u + 5*k - 5, 2*u - k - 27 = 7*u. Let q(s) = s**2 + 4*s - 5. Give q(u).
0
Let v(d) = d**3 + 3*d**2 + d + 1. Let h be v(-2). Let i(q) = h*q**2 - 3*q + 0*q - 4*q**2. Give i(-3).
0
Let z = -26 - -28. Let a(g) be the first derivative of -1/2*g**z + 5*g - 2. Calculate a(4).
1
Let s(u) = u**3 + 3*u**2 + u. Let k(y) = -y**3 - 6*y**2 - 5*y - 1. Let h be k(-5). What is s(h)?
1
Suppose -1 + 4 = h. Let u(n) = n**2 - n + 1. Let l be u(2). Let o(x) = -12*x**h + 6*x + 1 + 0 + 11*x**l + 5*x**2. Give o(6).
1
Let b(d) = d**2 + 6*d + 6. Let r(v) = -v**3 - 5*v**2 - 4*v + 1. Let w be r(-3). Let j be b(w). Let s(i) = 0 + i + j + 5. Give s(0).
6
Let p(m) = m**3 + 4*m**2 + m - 4. Let q(d) = -4*d**2 - d + 1. Let x be q(1). What is p(x)?
-8
Let t(h) be the third derivative of h**6/120 + h**5/10 - h**3/6 + 17*h**2. What is t(-6)?
-1
Let l(y) be the second derivative of y**5/120 - y**4/4 - y**3/2 - y. Let n(u) be the second derivative of l(u). Calculate n(5).
-1
Let d(w) = 264*w**3 - w - 269*w**3 + w**2 - 4 + 3. Calculate d(-1).
6
Let j(x) = 2*x**3 - x. Let p(n) = -2*n - 1. Let k be p(-9). Let f = -18 + k. What is j(f)?
-1
Let d(g) = 2*g - 280*g**2 + 0 + 1 + 0*g + 271*g**2 + g**3. Give d(9).
19
Let o(n) = -9*n**3 + 21*n**2 - 8*n - 15. Let b(g) = -5*g**3 + 11*g**2 - 4*g - 8. Let x(i) = 11*b(i) - 6*o(i). What is x(-6)?
14
Let j(u) = -8*u**2 + 1 + u**3 + 0 + 2*u - u + 2. Calculate j(8).
11
Let p(t) = t**2 - 6*t - 4. Suppose 0 = 3*l - 5 - 10. Suppose -u - n + 3 = 0, u - 17 - 4 = l*n. Give p(u).
-4
Suppose -6 = 3*x - 3*b + 3, 3*b - 9 = -3*x. Suppose -5*w - 7 = 2*o, -4*w + 34 = -5*o - x. Let i(h) = h**2 + 9*h + 5. What is i(o)?
-13
Let w(d) = -d + 2. Let r(p) = 3*p - 5. Let v(j) = -6*r(j) - 15*w(j). Let t = -2 - -4. Give v(t).
-6
Let u(s) = 6*s**2 - s. Suppose -2*f - 3 = -1. What is u(f)?
7
Let y(v) be the third derivative of v**5/60 + 5*v**4/24 + v**3 - 7*v**2. Calculate y(-5).
6
Let u(q) = 13*q**2 - q + 5. Let h(m) = m**2 - 1. Let r(y) = -6*h(y) - u(y). What is r(-1)?
-19
Let j(p) = 4*p - 5 - 3*p + 5*p - 4*p. Give j(5).
5
Let y(h) be the second derivative of h**3/6 + 4*h**2 + h. Give y(-7).
1
Let x(f) = -f**2 - 4*f**2 + 2*f + 3*f**2 - 4 + 3*f**2. Suppose -4 = 3*j + 8. What is x(j)?
4
Let c(k) = -k + 7. Let j be c(5). Let t(i) = 1 - 3*i - 7*i - j. Give t(-1).
9
Let y(h) be the first derivative of -h**4/4 + 4*h - 20. Calculate y(0).
4
Let y(o) be the second derivative of 0 + 1/6*o**4 + 1/3*o**3 + 1/2*o**2 + 2*o - 3/20*o**5. Let d = 0 + -1. Calculate y(d).
4
Let q(k) = -3. Let y(n) = -n - 2. Let b(d) = 4*q(d) - 3*y(d). What is b(6)?
12
Let t(o) be the second derivative of -o**3/6 - 5*o**2/2 + o. Let c(m) = m + 4. Let f(z) = -6*c(z) - 5*t(z). Give f(0).
1
Let c(i) = -2*i + 10. Let z be (-51)/(-6) - (-6)/(-4). Suppose o + 0 = z. Calculate c(o).
-4
Let p be 4/(16/(-12)) + 13. Let j(f) = -f**2 - 3*f**2 - p*f**2. Determine j(-1).
-14
Let u be (1/3)/((-2)/(-6)). Let v(s) = -6*s**2 - 2*s - 3. Let o(a) = 11*a**2 + 4*a + 5. Let y(w) = -4*o(w) - 7*v(w). Give y(u).
-3
Let n(u) be the third derivative of 0 + 1/12*u**4 + 1/40*u**6 - u**2 + 0*u + 1/6*u**3 + 1/60*u**5. What is n(-1)?
-3
Let s(l) be the third derivative of 1/24*l**4 + 0 + 3*l**2 + 1/3*l**3 + 0*l. What is s(6)?
8
Let x(z) = 2 + 0 - 11 - 4 + z. Let m(v) = 2*v - 26. Let b(j) = -3*m(j) + 7*x(j). Let u be b(9). Let y(p) = -3*p - 6. Calculate y(u).
6
Let a(y) be the first derivative of 1/3*y**3 + 0*y + 1/2*y**2 - 1/24*y**4 - 2. Let m(w) be the second derivative of a(w). What is m(-3)?
5
Let l(t) be the first derivative of t**2/2 - 5*t - 54. Give l(4).
-1
Let u(g) be the first derivative of 2*g**2 + g + 11. Let t(n) = -n**2 + 7*n - 4. Let o be t(5). Suppose -3*z - 3 = -o. Give u(z).
5
Let x = 17 + -13. Let f(b) = b - x*b + 1 - b + 3*b. Give f(2).
-1
Let f(t) be the first derivative of 3*t**2 - 5*t**2 + t + 3 + 3*t**2. Determine f(2).
5
Suppose 2*d = -0*x + 3*x + 13, -2*x + d = 7. Let h = x + 3. Let u(v) be the third derivative of -v**5/20 + v**4/6 - v**3/2 + 7*v**2. What is u(h)?
-7
Let l = 9 - 4. Let d = l - 8. Let j(n) be the first derivative of -n**3/3 - n**2 + 3*n + 1. Give j(d).
0
Let g(m) be the second derivative of 2*m**3/3 - m**2 + 9*m. Determine g(3).
10
Let h be (-5)/(-15) + (-10)/(-6). Let t(b) = 3 - 5 - 3 - 3*b**2 - h*b + 4*b**2. Let j(c) = -4*c**3 - 2*c - 1. Let l be j(-1). What is t(l)?
10
Let x = -4 - -4. Suppose i + x*i = 1. Let v(t) = 1 + i + 3*t - 2*t. Give v(-2).
0
Let d(v) be the third derivative of -7/6*v**3 + 0*v**4 + 0*v - 4*v**2 + 0 - 1/10*v**5. Let q(t) = -t**2 - t. Let k(c) = d(c) - 5*q(c). Calculate k(5).
-7
Let i = -4 - -3. Let r(l) = -3*l + 3. Let a(o) be the first derivative of -o**2/2 + o - 1. Let x(h) = -7*a(h) + 2*r(h). Calculate x(i).
-2
Let d(c) = -c**2 - 6 - 4*c**2 - 2 - 2*c + 5*c**3. Let l(m) = 4*m**3 - 4*m**2 - 2*m - 7. Let y(r) = 5*d(r) - 6*l(r). What is y(-2)?
-14
Let f(x) = x**3 + x**2 + x - 6. Suppose -7*d + 3*d = 0. Calculate f(d).
-6
Let r(x) = -x**2 - 3. Let s(o) = -o + 1 - 3 + 2. Let a be s(0). Give r(a).
-3
Let n(l) = 6*l + 17. Let u(k) = 9*k + 26. Let h(d) = 8*n(d) - 5*u(d). Let s be 2*10/(-8)*2. What is h(s)?
-9
Let y(m) = m**3 + 2*m**2 - 2*m. Suppose -5*x = -0*x - 10. Calculate y(x).
12
Let d = 0 + 1. Let x(q) = 6*q + 9. Let g(w) = 1. Let c be (-64)/5 - (-56)/70. Let u(n) = c*g(n) + d*x(n). Determine u(2).
9
Suppose -40 = 5*b + 5*m - 5, 0 = 2*b - 5*m + 7. Let w be 5 - b/3 - 3. Let x(i) be the first derivative of i**2/2 + i + 1. Determine x(w).
5
Let a be (-16)/(-7) - 6/21. Let i(v) = -6 + 8 + v - a. What is i(-4)?
-4
Suppose -2*g = -l + 3, 3*l + 6 = 3*g + 3. Let q(v) = -2*v - 3*v - 1 + v - 5 - v**2. Give q(g).
-6
Let d(j) = 12*j + 12*j - 25*j. What is d(-1)?
1
Let n = -2/25 + 29/50. Let i(l) be the first derivative of -n*l**2 + 3 + 3*l. What is i(5)?
-2
Let f(q) be the first derivative of q**2/2 + 4*q - 6. Determine f(4).
8
Let g(v) = 9*v + 3 - v - 9*v. Calculate g(0).
3
Let d(i) = i - 3. Let a be (3 - 2)*(-3 - -3). What is d(a)?
-3
Let l(s) = -s + 7. Let b be l(5). Let k be (3/b)/((-8)/(-32)). Let z(w) = -w**2 + 3*w + 4. Determine z(k).
-14
Let s(x) = 3*x**2 - 7*x + 4. Let i be s(4). Let d(y) = 23*y - i*y - 3*y**2 + 6*y**3 + y**2. Determine d(-1).
-7
Let i(s) = -5*s**2 - 1. Suppose -6 = 18*o + 12. What is i(o)?
-6
Let u(b) = b**3 - 3*b**2 + b. Suppose 2*h - 5*h - 3*p = -18, -5*p = -25. Suppose 4*d - d = y - 3, -4*d = -3*y + 4. Let c = h - d. What is u(c)?
-2
Let m(q) = -3*q**3 + 8*q**2 + 7*q - 5. L